
10
Let g = -11 + 16. Suppose -6*o + 88 = g*o. What is the remainder when o is divided by 6?
2
Suppose 3*r = 6*r - 219. Let b = r - 31. Suppose -4*h - 4*y = -62 - 26, h + 5*y = 22. Calculate the remainder when b is divided by h.
20
What is the remainder when ((-1)/6*7)/((-42)/1764) is divided by 5?
4
Let n(c) = c**3 - 14*c**2 + 12*c - 122. What is the remainder when n(15) is divided by 29?
22
Let c = 45 + -28. Suppose 0 = 2*a - c - 13. Calculate the remainder when 27 is divided by a.
12
What is the remainder when 4/22 - 100160/(-880) is divided by 36?
6
Let n = -17 + 29. Suppose 4*o - 97 - 83 = 0. Calculate the remainder when o is divided by n.
9
Let b(z) = -12*z. Let s(y) = y**3 + 2*y**2 - 2*y + 2. Let g be s(-3). Calculate the remainder when 45 is divided by b(g).
9
Suppose -3 = 5*i - 6*i. Suppose -i*j = -9 - 12. Calculate the remainder when 47 is divided by j.
5
Suppose m + 0*m = -5*k + 26, -m + k = -2. Suppose -36*s = -41*s + 145. Calculate the remainder when s is divided by m.
5
Let b be 2 - (-2)/(-2)*-5. Let c = 2 + b. What is the remainder when 16 is divided by c?
7
Let y(m) = -180*m + 1215. What is the remainder when y(6) is divided by 36?
27
Let n be (-2)/(-6) + (832/24 - 5). What is the remainder when (-93)/6*(1 + -3) is divided by -2 + ((-40)/n)/((-2)/15)?
7
Let j be (-4)/16 + (-501)/12. Let z = j - -76. What is the remainder when z is divided by 5?
4
Let g(m) be the second derivative of m**4/3 + 2*m**3/3 - m**2 + 33*m. What is the remainder when g(3) is divided by 12?
10
Let g = 837 + -746. What is the remainder when g is divided by 19?
15
Let s = 1666 - 694. What is the remainder when s is divided by 65?
62
Let z(d) = -d**3 - 6*d**2 + 9*d + 14. What is the remainder when z(-9) is divided by 56?
8
Suppose s - 4 = -g - 2, -4*g = 0. Suppose -s*f = -f - 22. Suppose -f = 4*x - 5*x. Calculate the remainder when 64 is divided by x.
20
Suppose 296 + 48 = 2*g + 4*p, 5*p - 25 = 0. Suppose 6*x + 5*s = 8*x - 102, 3*s = 2*x - 94. What is the remainder when g is divided by x?
39
Let d(f) = -26 + 25 + 18 + f. Calculate the remainder when d(7) is divided by 9.
6
Let l(g) = -4*g - 1. Let t be l(1). Let q = 10 + t. Calculate the remainder when 12 is divided by q.
2
Suppose 0 = 2*m, -3*u + u + m = -58. Let i(g) = -g - 1. Let q(s) = 2*s + 1. Let c(t) = i(t) - q(t). Calculate the remainder when u is divided by c(-4).
9
Suppose 4*k - 22 = -2*b, 0*k = -3*k + 12. Let y = b - -2. Suppose -101 + 26 = -y*i - 2*a, i - 38 = -5*a. What is the remainder when i is divided by 5?
3
Suppose 5*x - 8*x = 0. What is the remainder when 27 is divided by ((x - 4)*1)/(-1*1)?
3
Suppose -15360 = -9*y - 15270. What is the remainder when y is divided by (-1 - -1)/2 + 3?
1
Let z be (-1 - -2) + (14 - -2) + -1. Suppose z*l - 176 = 5*l. Suppose 3*i - 52 = i. Calculate the remainder when i is divided by l.
10
Let f = 601 - 397. Suppose -2*b + f = b. Calculate the remainder when b is divided by 14.
12
What is the remainder when 2 - (-164 - 4 - (2 - -4)) is divided by 85?
6
Let v(t) = 70*t**2 - 2*t - 1. Let h be v(-1). Suppose -c = -5*g + 3*c + 67, -5*g + 2*c + h = 0. Calculate the remainder when 40 is divided by g.
10
Suppose -40*m = -10*m - 180. Let s = -5 + 3. What is the remainder when (-2 + 0)/(s/21) is divided by m?
3
Suppose 24*r - 22*r = 172. Let c = -4 + r. What is the remainder when c is divided by 42?
40
Suppose -5*m + 219 = -3*g, 4*m + g - 156 = -3*g. What is the remainder when 1593 is divided by m?
39
Let h(r) = r + 26. Let l = 9 - 9. Let b(c) = 5*c - 6. Calculate the remainder when h(l) is divided by b(4).
12
Suppose 0 = -h + 4*h - u - 307, -5*h - 5*u = -505. Calculate the remainder when h is divided by 22.
14
Let q(y) = -y**3 + 19*y**2 + 87*y - 12. Calculate the remainder when (-2)/(-6) - (-130)/6 is divided by q(-4).
6
Suppose 0 = 14*t - 23*t + 81. Calculate the remainder when (((-172)/2)/(-2))/1 is divided by t.
7
Let l = 2 - 0. Let f = 9 - l. Let z = 96 - 83. What is the remainder when z is divided by f?
6
Let g = -34 + -3. Let z = g + 48. Suppose 0 = 2*v - 95 + 15. What is the remainder when v is divided by z?
7
Suppose 85*i = 14*i + 65391. Calculate the remainder when i is divided by 33.
30
Let x(j) = 2*j + 1. Suppose -4*b = v - 42, 4*b + 4*v = 2*v + 44. Let y be x(b). Suppose 25*m - 260 = y*m. What is the remainder when m is divided by 34?
31
Suppose 201*g + 156 = 207*g. Let b(f) = 15*f**3 + f - 1. What is the remainder when g is divided by b(1)?
11
Suppose 10 = -4*n - 6*n. What is the remainder when 44/(0 + n/(-1)) is divided by -1 + -1 - (-9 - 2)?
8
Suppose 0 = -k - f - 4*f + 5, -4*f + 4 = -5*k. Suppose 2*n - 5 - 17 = k. Let h = 247 + -206. What is the remainder when h is divided by n?
8
Let p = -27 - -35. Suppose -11*j + 7*j + p = 0. What is the remainder when 2 is divided by j?
0
Suppose -6 - 3 = 3*s, 3*h + s - 2196 = 0. Calculate the remainder when h is divided by 15.
13
What is the remainder when (-11 - (-24 - -10)) + 343 is divided by 6?
4
Let m = -8 - -7. Let y = 723 + -620. What is the remainder when y is divided by 0 - m - -1*25?
25
Let c(f) = -2*f - 9 - 12*f - 3*f**2 + 2*f**2. Let x(j) = j**2 + 20*j + 83. What is the remainder when c(-10) is divided by x(-15)?
7
Let a = 363 - 202. What is the remainder when a is divided by 9?
8
Suppose 15*m - 61 = 254. What is the remainder when 225 is divided by m?
15
Let i(z) = z**3 - z**2 + 2*z + 58. Let q be i(0). Let l = q - 12. What is the remainder when l is divided by 28?
18
Let y(z) = -10*z - 35. Let q be y(-8). Suppose 5*i = -3*r + 175, 5*r + q = -4*i + 185. Calculate the remainder when 103 is divided by i.
33
Suppose 3*c + 2*y = 89, -2*c + 0*c + 60 = y. What is the remainder when 340 is divided by c?
30
Let o be ((1 - 1) + -1)*-6. Suppose -5*u - 85 = -o*b + b, 3*u + 95 = 5*b. What is the remainder when 86 is divided by b?
20
Suppose 1 - 6 = -l - 0. What is the remainder when l is divided by (-2)/1 - (-18)/3?
1
Let u = -831 - -1697. What is the remainder when u is divided by 14?
12
Let a(f) be the second derivative of -f**5/20 + f**4/3 + f**3/2 + f**2/2 + 2*f. Let y be (0 + -6)*22/66. What is the remainder when 74 is divided by a(y)?
17
Let q = 37 - 21. Calculate the remainder when 8*(1 - (-28)/q) is divided by 13.
9
Let v(o) = -3*o + 130. Calculate the remainder when v(15) is divided by 10.
5
Suppose -73 - 63 = -4*z. Let s(k) = -k**3 - k**2 - 6*k + 2. Calculate the remainder when z is divided by s(-2).
16
What is the remainder when 60 is divided by 38/95 - ((-316)/10 - 1)?
27
Suppose 48 = 4*t - 0*t. Suppose 1357 - 69 = 28*n. Calculate the remainder when n is divided by t.
10
Let n = -51 + 130. Calculate the remainder when n is divided by 25.
4
Suppose -49*d + 1372 + 1764 = 0. Calculate the remainder when d is divided by 6.
4
Let u = -273 - -283. What is the remainder when 138 is divided by u?
8
Suppose -20 = 3*t - 4*n, 4*n - 10 = -4*t - 74. What is the remainder when 6/30 - (-99)/5 is divided by (18/t)/(6/(-28))?
6
Suppose 195*d - 176 = 179*d. Let s(v) = 7*v - 3. Calculate the remainder when s(3) is divided by d.
7
Let p(d) = -d**2 - 4*d + 1. Let n be p(-4). Let z(a) = 19*a**2 + a. Calculate the remainder when 60 + -1 + -3 + 1 is divided by z(n).
17
Let y(k) = -k**3 + 2*k**2 + 10*k + 14. Let r be y(-6). Suppose -5*d = -4*q + 324, 9*q - r = 6*q + 4*d. What is the remainder when q is divided by 29?
28
Suppose 0 = -138*p + 142*p - 68. Let b(x) = -64*x + 1. Calculate the remainder when b(-1) is divided by p.
14
Suppose 0 = -k - 5*b + 29, -2*k + k = -5*b + 21. Let h be -2 + (-4 - -2) + (-14)/(-2). Suppose -h*u = -k*u + 45. What is the remainder when u is divided by 24?
21
Calculate the remainder when 117 is divided by ((-8)/6)/(-5 + 220/45).
9
Let h(n) = 236*n + 296. What is the remainder when h(3) is divided by 15?
14
Suppose 3*c - 44 = -5. Let f = -135 + 197. Calculate the remainder when f is divided by c.
10
Let p(c) = -3*c - 22. Let z be p(-14). Suppose 0 = o - 8 - z. Let g = 11 + -5. What is the remainder when o is divided by g?
4
Suppose 616 = -3*b + 14*b. Calculate the remainder when 1229 is divided by b.
53
Let l = 3260 - 3253. Suppose -3*f + 162 = -108. What is the remainder when f is divided by l?
6
Let d be -6 + (0 - (2 + -6)). What is the remainder when (d - 1)*2*65/(-15) is divided by 9?
8
Let 